.
17
Let n = 2987 + -2963. Calculate the greatest common divisor of n and 9.
3
Suppose 0*s = -2*s - 4. Let r(h) = -7*h**3 - 3*h**2. Let c be r(s). What is the greatest common factor of c and 66?
22
Let h be (-6)/(3 + -5)*3. Suppose -110 = -h*v + 4*v. Let y = 31 - v. What is the highest common divisor of y and 99?
9
Let o be -1*1 + 13/(65/20). Suppose o*m - 197 = 73. Let i = 24 + -6. Calculate the highest common factor of i and m.
18
Suppose 0 = -z + 4, -3*c + 376 + 1305 = z. What is the highest common divisor of c and 13?
13
Suppose 5*r - 7 = 8. Suppose 0 = 5*x - 4*d - 109, -25 = -x + 3*d + d. What is the greatest common factor of x and r?
3
Suppose -88 = -4*x - 2*v + 66, x - 34 = -5*v. Let j = 28 - -37. Calculate the highest common factor of j and x.
13
Suppose -4 + 37 = 11*k. Suppose -5 = a, 2*c + 3*a = k*c - 32. What is the greatest common factor of c and 68?
17
Let b(s) = 21*s + 291. Let u be b(-11). Calculate the highest common divisor of 100 and u.
20
Let g be (-5)/40 - (-201)/8. Let u = 39 - g. What is the greatest common factor of 14 and u?
14
Suppose 22*x + 91 = 641. Calculate the greatest common factor of x and 3200.
25
Let a(b) = -2*b**2 - 5*b + 2. Let u be a(-2). Suppose -5*c = u*c - 162. Calculate the greatest common factor of c and 9.
9
Let g(m) = 2*m**2 - 26*m + 10. Let p be g(16). Suppose -5*d + 3*x = -293, 2*d - x - p = 11. Calculate the greatest common divisor of 58 and d.
58
Let h(s) = 7*s + 3. Let q be h(0). Suppose q*j = -8*j + 1595. What is the greatest common divisor of j and 58?
29
Let h = 484 + -463. Calculate the greatest common factor of h and 28.
7
Suppose -2*a - 1 = -5. Suppose -3*t = -2*u - 9, -2*t = -0*u + a*u + 4. Let g be -16*(3 + -3 - t). What is the highest common divisor of 144 and g?
16
Let z(b) = -b**2 + 11*b + 8. Let a be z(12). Let x(j) = 5*j**2 + j - 1. Let m be x(a). What is the greatest common factor of m and 30?
15
Suppose -15 = -2*j + 4*w + 21, 2*j = -2*w + 48. Calculate the greatest common divisor of j and 11.
11
Let v(j) = -5 - 11*j + 1 + 2*j**2 + 3 - j**2. Let t be v(11). Let n be -2 - (-16 + (1 - t)). What is the highest common factor of 8 and n?
4
Suppose -2*s = -41*s + 741. What is the greatest common divisor of s and 437?
19
Let i(d) = 87*d + 26. Let u be i(2). What is the highest common divisor of 16 and u?
8
Let p be (-12)/(-10)*(-13)/((-546)/140). What is the highest common factor of p and 4?
4
Suppose -8*a + 48 = -6*a. Calculate the highest common divisor of a and 21.
3
Let g be ((-4)/6)/((-6)/54). Suppose -g = -c - 2. Suppose c*k - 2*k = 40. What is the greatest common divisor of 5 and k?
5
Let j(i) = 9*i + 75. Let s be j(-18). Let n = s - -89. Calculate the highest common factor of n and 18.
2
Let s(x) = 37*x - 314. Let d be s(14). Calculate the highest common divisor of d and 1326.
102
Let k = -153 - -288. What is the greatest common divisor of 180 and k?
45
Let k be (-4)/(-6)*(-957)/(-22). Let w = -12 + k. Let g = 0 + w. What is the highest common divisor of g and 187?
17
Let q(d) = -4*d - 28. Let i be q(-8). Suppose -i*o - 2*x + 22 = -x, -x + 4 = o. What is the greatest common factor of o and 6?
6
Let y be (54/7)/((-15)/(-70)). What is the highest common divisor of 4 and y?
4
Let x(d) = d**2 - 14*d + 56. Let p be x(4). Calculate the highest common divisor of p and 36.
4
Suppose 25*s + 435 = 40*s. What is the greatest common divisor of s and 464?
29
Let m(z) = z**3 + z**2 - 1. Let o(a) = -3*a**3 + 6*a**2 - 7*a - 2. Let b(f) = -m(f) - o(f). Let i be b(3). What is the highest common divisor of 75 and i?
15
Let l(v) = 4*v**2 + 2*v - 35. Let a be l(5). What is the greatest common factor of a and 25?
25
Let o(k) = k**2 - 10*k + 11. Let r be o(9). Suppose 0 = -m - r*m + 24. Suppose 0 = -3*x + 5*x - m. Calculate the highest common factor of 4 and x.
4
Let t(z) = 75*z**2 + z - 1. Let m be t(1). Let o = 109 - m. Suppose 5*q = d + d + 93, 0 = -q - 4*d + 1. Calculate the greatest common divisor of o and q.
17
Suppose 5*t - 8 = -2*u, 1 = 3*t + u + 4*u. Suppose -4*i + 86 = 3*a, 42 = t*i + 4*a - 6. What is the greatest common factor of i and 5?
5
Suppose 4*i + 34 = z, -5*z - 3*i + 47 = -8. Let v = z + 9. What is the greatest common divisor of v and 23?
23
Suppose 0 = -4*z + z + 15. Suppose -f + z*f + 5*w - 572 = 0, 4*w = -4*f + 568. Suppose f = 4*c + 42. What is the highest common divisor of c and 6?
6
Suppose -34*t = -6*t - 5712. Calculate the highest common factor of 36 and t.
12
Let j be (1 - 2) + (3 - -1). Suppose 4*u - 119 = -3*t, j*t - 138 = -3*u - 48. Calculate the greatest common factor of u and 232.
29
Suppose -16 + 42 = m. What is the highest common factor of 611 and m?
13
Let f = 20 + -18. Suppose -f*d = -4*o + 124, -d + 0*o = 2*o + 78. Let q be (-15 - 0)*d/6. What is the greatest common divisor of 35 and q?
35
Let x be 19530/33 - 7 - (-2)/11. What is the greatest common factor of x and 65?
65
Suppose 132*p + 8450 = 158*p. What is the highest common divisor of 25 and p?
25
Let b(l) = -2*l**2 - 2*l + 2. Let x be b(-1). Suppose -x*f + 43 = -0*t + t, -3*f = t - 45. Calculate the greatest common divisor of t and 312.
39
Let s(c) = 41*c - 8 + 49*c - 139*c + 43*c. Let u be s(-3). Calculate the greatest common divisor of 70 and u.
10
Let x(u) = -u**3 + 30*u**2 - 32*u - 8. Let r be x(24). What is the highest common factor of r and 8?
8
Suppose 0 = -3*n - 7 + 25. Let x(h) = 0 + 4 - 6 - 7 + 3*h. Let s be x(n). Calculate the highest common divisor of s and 45.
9
Let b(s) = s**3 + 11*s**2 - 26*s + 3. Let v be b(-13). Suppose -f = 3*f - 96. What is the highest common divisor of v and f?
3
Let b be -4 - (-11 - 3)/2. Let u = 3 + b. What is the highest common factor of 12 and u?
6
Suppose 0 = -5*x + 9*x - 700. Suppose j + 0*j = -x. Let u = 328 + j. What is the highest common factor of 17 and u?
17
Let n be 34/119 + ((-47)/(-7) - -1). What is the highest common factor of n and 184?
8
Suppose -5*l = -4*x + 16, x - 4 = -4*l - 0*l. Suppose k = -l*k + 63. Let g = k + -45. Calculate the greatest common factor of 12 and g.
6
Suppose 4*g = -240 + 52. Let f = 284 - g. Suppose -3*b = -f + 67. Calculate the highest common divisor of b and 8.
8
Suppose -4*y - 5*v = -104, -33 = -11*y + 10*y - 3*v. Calculate the highest common divisor of y and 567.
21
Suppose -2 = 2*u + x + x, 0 = 4*u - 5*x - 14. Suppose 3*t = 2 + 22. Suppose -3*f + t = 4*k, -12 = -3*k - f - u. What is the highest common divisor of 45 and k?
5
Let i be (2 + -2)/(9 + -7) - -3. Suppose i*x - 3*n - 386 = -29, -3*x + 329 = 4*n. What is the highest common factor of x and 46?
23
Suppose 307*d + 156 = 313*d. Suppose 6*z - 70 = 1334. What is the greatest common divisor of d and z?
26
Suppose 0*p = -5*o + 2*p, 2*p = 10. Suppose -471 = -8*b - 439. Calculate the greatest common divisor of b and o.
2
Suppose 3*a = 111 + 129. What is the highest common divisor of 16 and a?
16
Let d(v) = -v**2 - 4*v + 3. Let y be d(-6). Let b(z) = -19*z - 17. Let a be b(y). What is the greatest common divisor of 14 and a?
14
Suppose 10 = 2*r + 2. Let f be (-132)/(-18) + r/6. What is the highest common factor of f and 24?
8
Let o(c) = -28*c - 92. Let j be o(-6). Let q = 39 - 20. Calculate the greatest common divisor of j and q.
19
Let q = 65 - 46. Let p = 44 + -27. Let u be (p + 10)*(-19)/(-3). Calculate the highest common divisor of q and u.
19
Let v = 60 - 33. Suppose 0 = -65*a + 83*a - 486. Calculate the greatest common factor of v and a.
27
Let o(f) = 8*f**3 + f. Let z be o(1). Let i be 179/5 - -2*(-1)/(-10). What is the greatest common factor of i and z?
9
Suppose -u = 3*l - 1, 16*u - 42 = 13*u + 4*l. Let t(y) = 20*y. Let a be t(3). What is the highest common factor of a and u?
10
Suppose -w + 1 = 3*n, 0*w = -3*n + 5*w - 5. Let k = 0 - n. Suppose -c + 4 + 8 = k. What is the highest common factor of c and 3?
3
Let x be (-7)/(-3) + (-9)/27. Let b be 3/12*x*(6 + 426). Calculate the highest common divisor of b and 27.
27
Let k(n) be the first derivative of -21*n**2/2 - 9*n - 1. Let q be k(-13). Let w be (-4)/10 + (-244)/(-10). What is the highest common factor of q and w?
24
Suppose v + 29 = h + 211, -2*h = -3*v + 548. Let a = v + -104. Calculate the highest common divisor of a and 5.
5
Suppose 475 - 417 = y. Calculate the greatest common factor of y and 1334.
58
Let i = 14 +